{"id":5564,"date":"2022-03-10T09:44:43","date_gmt":"2022-03-10T08:44:43","guid":{"rendered":"http:\/\/ger.amaruq-chimo.eu\/?page_id=5564"},"modified":"2022-05-26T21:51:00","modified_gmt":"2022-05-26T20:51:00","slug":"rona","status":"publish","type":"page","link":"https:\/\/ger.amaruq-chimo.eu\/?page_id=5564","title":{"rendered":"Rona"},"content":{"rendered":"<table style=\"text-align: center;\" border=\"0\" width=\"100%\">\n<tbody>\n<tr>\n<td style=\"text-align: center;\">\n<h2 style=\"font-size: 1.5em; text-align: center;\"><span style=\"color: #800000;\"><strong><img loading=\"lazy\" decoding=\"async\" class=\"aligncenter size-full wp-image-872\" src=\"https:\/\/hun.amaruq-chimo.eu\/wp-content\/\/pedigele.gif\" alt=\"\" width=\"68\" height=\"97\"><a href=\"https:\/\/hun.amaruq-chimo.eu\/wp-content\/\/op\u00e1l-t\u00f6rzsk\u00f6nyv-002.jpg\"><span style=\"color: #000000;\">Pedigree<\/span><\/a><\/strong><\/span><\/h2>\n<\/td>\n<td>\n<h2 style=\"font-size: 1.5em;\"><span style=\"color: #800000;\"><strong><img loading=\"lazy\" decoding=\"async\" class=\"aligncenter size-full wp-image-872\" style=\"display: block; margin-left: auto; margin-right: auto; border: 0px initial initial;\" src=\"https:\/\/hun.amaruq-chimo.eu\/wp-content\/\/serleg.gif\" alt=\"pedigele\" width=\"80\" height=\"100\"><a href=\"http:\/\/ger.amaruq-chimo.eu\/?page_id=22#luna\" target=\"_blank\" rel=\"noopener noreferrer\"><span style=\"color: #000000;\">Ergebnisse<\/span><\/a><\/strong><\/span><\/h2>\n<\/td>\n<\/tr>\n<\/tbody>\n<\/table>\n<h2><span style=\"color: #000000;\">Geburtsdatum: 2021.12.05.<\/span><\/h2>\n<h2><span style=\"color: #000000;\">Gr\u00f6\u00dfe:&nbsp;im Wachstum<\/span><\/h2>\n<h2><span style=\"color: #000000;\">Gewicht:&nbsp;im Wachstum<\/span><\/h2>\n<p><img loading=\"lazy\" decoding=\"async\" class=\"aligncenter wp-image-5572\" src=\"https:\/\/ger.amaruq-chimo.eu\/wp-content\/\/20220306_163110-703x1024.jpg\" alt=\"\" width=\"297\" height=\"432\" srcset=\"https:\/\/ger.amaruq-chimo.eu\/wp-content\/20220306_163110-703x1024.jpg 703w, https:\/\/ger.amaruq-chimo.eu\/wp-content\/20220306_163110-206x300.jpg 206w, https:\/\/ger.amaruq-chimo.eu\/wp-content\/20220306_163110-768x1119.jpg 768w, https:\/\/ger.amaruq-chimo.eu\/wp-content\/20220306_163110.jpg 1032w\" sizes=\"auto, (max-width: 297px) 100vw, 297px\" \/><\/p>\n<p style=\"text-align: center;\"><span style=\"color: #000000;\"><br \/>\n<\/span><\/p>\n<p style=\"text-align: center;\"><span style=\"color: #000000;\"><br \/>\n<\/span><\/p>\nngg_shortcode_0_placeholder\n<h2><span style=\"color: #000000;\"><br \/>\n<\/span><\/h2>\n","protected":false},"excerpt":{"rendered":"<p>Pedigree Ergebnisse Geburtsdatum: 2021.12.05. Gr\u00f6\u00dfe:&nbsp;im Wachstum Gewicht:&nbsp;im Wachstum<\/p>\n","protected":false},"author":2,"featured_media":0,"parent":0,"menu_order":0,"comment_status":"closed","ping_status":"closed","template":"","meta":{"ngg_post_thumbnail":0,"footnotes":""},"class_list":["post-5564","page","type-page","status-publish","hentry"],"_links":{"self":[{"href":"https:\/\/ger.amaruq-chimo.eu\/index.php?rest_route=\/wp\/v2\/pages\/5564","targetHints":{"allow":["GET"]}}],"collection":[{"href":"https:\/\/ger.amaruq-chimo.eu\/index.php?rest_route=\/wp\/v2\/pages"}],"about":[{"href":"https:\/\/ger.amaruq-chimo.eu\/index.php?rest_route=\/wp\/v2\/types\/page"}],"author":[{"embeddable":true,"href":"https:\/\/ger.amaruq-chimo.eu\/index.php?rest_route=\/wp\/v2\/users\/2"}],"replies":[{"embeddable":true,"href":"https:\/\/ger.amaruq-chimo.eu\/index.php?rest_route=%2Fwp%2Fv2%2Fcomments&post=5564"}],"version-history":[{"count":7,"href":"https:\/\/ger.amaruq-chimo.eu\/index.php?rest_route=\/wp\/v2\/pages\/5564\/revisions"}],"predecessor-version":[{"id":5757,"href":"https:\/\/ger.amaruq-chimo.eu\/index.php?rest_route=\/wp\/v2\/pages\/5564\/revisions\/5757"}],"wp:attachment":[{"href":"https:\/\/ger.amaruq-chimo.eu\/index.php?rest_route=%2Fwp%2Fv2%2Fmedia&parent=5564"}],"curies":[{"name":"wp","href":"https:\/\/api.w.org\/{rel}","templated":true}]}}