{"id":37,"date":"2009-10-01T22:16:07","date_gmt":"2009-10-01T22:16:07","guid":{"rendered":"http:\/\/amaruq-chimo.com\/?page_id=37"},"modified":"2018-11-10T13:07:36","modified_gmt":"2018-11-10T12:07:36","slug":"buddha-asrama-cheng-shi-kan","status":"publish","type":"page","link":"https:\/\/ger.amaruq-chimo.eu\/?page_id=37","title":{"rendered":"BUDDHA (ASRAMA CHENG-SHI) &quot;R\u00fcden&quot;"},"content":{"rendered":"<table style=\"text-align: center;\" border=\"0\" width=\"100%\">\n<tbody>\n<tr>\n<td style=\"text-align: center;\">\n<h2 style=\"font-size: 1.5em; text-align: center;\"><span style=\"color: #800000;\"><strong><img loading=\"lazy\" decoding=\"async\" class=\"aligncenter size-full wp-image-872\" src=\"https:\/\/hun.amaruq-chimo.eu\/wp-content\/\/pedigele.gif\" alt=\"\" width=\"68\" height=\"97\"><a href=\"http:\/\/ger.amaruq-chimo.eu\/wp-content\/\/Buddha-t\u00f6rzsk\u00f6nyv-1024x744.jpg\"><span style=\"color: #000000;\">Pedigree<\/span><\/a><\/strong><\/span><\/h2>\n<\/td>\n<td>\n<h2 style=\"font-size: 1.5em;\"><span style=\"color: #800000;\"><strong><img loading=\"lazy\" decoding=\"async\" class=\"aligncenter size-full wp-image-872\" style=\"display: block; margin-left: auto; margin-right: auto; border: 0px initial initial;\" src=\"https:\/\/hun.amaruq-chimo.eu\/wp-content\/\/serleg.gif\" alt=\"pedigele\" width=\"80\" height=\"100\"><span style=\"color: #000000;\"><a href=\"http:\/\/ger.amaruq-chimo.eu\/?page_id=22#buddha\" target=\"_blank\" rel=\"noopener noreferrer\"><span style=\"color: #000000;\">Ergebnisse<\/span><\/a><\/span><\/strong><\/span><\/h2>\n<\/td>\n<\/tr>\n<\/tbody>\n<\/table>\n<h2><span style=\"color: #000000;\">Geburtsdatum: 2008.01.12.<\/span><\/h2>\n<h2><span style=\"color: #000000;\">Gestorben:&nbsp; 2018.06.12.&nbsp;<img loading=\"lazy\" decoding=\"async\" class=\"alignnone size-full wp-image-3178\" src=\"https:\/\/ger.amaruq-chimo.eu\/wp-content\/\/799095.gif\" alt=\"\" width=\"50\" height=\"60\"><\/span><\/h2>\n<h2><span style=\"color: #000000;\">Gr\u00f6\u00dfe: 74 cm<\/span><\/h2>\n<h2><span style=\"color: #000000;\">Gewicht: 62 kg<\/span><\/h2>\n<p><img loading=\"lazy\" decoding=\"async\" class=\"aligncenter size-full wp-image-1773\" src=\"https:\/\/ger.amaruq-chimo.eu\/wp-content\/\/buddhaFEJ.jpg\" alt=\"\" width=\"281\" height=\"289\"><\/p>\n<p><span style=\"color: #000000;\"><br \/>\n<\/span><\/p>\nngg_shortcode_0_placeholder\n<h2><strong><span id=\"buddha\">Buddha &nbsp;(R\u00fcden<\/span><\/strong><strong>)<\/strong><\/h2>\n<p>&nbsp;<\/p>\n<p><strong>2008.07.19. <em>Szombathely-<\/em>CACIB J\u00fcngstenklasse<\/strong>: <strong>Vielversprechend<\/strong><\/p>\n<p><strong>2008.10.26. <em>Domb\u00f3v\u00e1r-<\/em>CAC Jugendklasse<\/strong>: <strong>Vorz\u00fcglich 1<\/strong><\/p>\n<p><strong>2009.04.05. <em>P\u00e1pa-<\/em>CAC Jugendklasse<\/strong>: <strong>Vorz\u00fcglich 1, HPJ<\/strong><\/p>\n<p><strong>2009.06.21. <em>Sz\u00e9kesfeh\u00e9rv\u00e1r-<\/em>CACIB Jugendklasse<\/strong>: <strong>Vorz\u00fcglich 1, <\/strong><strong>HPJ<\/strong><strong><br \/>\n<\/strong><\/p>\n<p><strong>2009.07.18.&nbsp;<em>Szombathely<\/em>-CACIB&nbsp; Zwischenklasse<\/strong>: <strong>Vorz\u00fcglich 1, &nbsp;,CAC, CACIB,<\/strong><\/p>\n<p><strong><strong><em><strong>2009.08.09. Esztergon-<\/strong><\/em><em><strong>CAC &nbsp; Zwischenklasse<\/strong>: <strong>Vorz\u00fcglich 1, CAC<\/strong><\/em><\/strong><\/strong><\/p>\n<p><strong>2009.08.23.&nbsp;<em>Ada(<\/em>Serbien)-CAC&nbsp; Zwischenklasse<\/strong>: <strong>Vorz\u00fcglich 1, CAC, BOB,<\/strong><\/p>\n<p><strong>2009.08.30.&nbsp;<em>Sombor<\/em>(Serbien)-CAC Zwischenklassen<\/strong>:<strong> Vorz\u00fcglich1, CAC, BOB,<\/strong><\/p>\n<h3><strong>CHAMPION von SERBIEN<\/strong><\/h3>\n<p><strong><a href=\"https:\/\/hun.amaruq-chimo.eu\/wp-content\/Buddha-champion-11.jpg\"><img loading=\"lazy\" decoding=\"async\" class=\"aligncenter size-thumbnail wp-image-965\" title=\"Buddha champion (1)\" src=\"https:\/\/hun.amaruq-chimo.eu\/wp-content\/Buddha-champion-11-150x150.jpg\" alt=\"Buddha champion (1)\" width=\"150\" height=\"150\"><\/a><br \/>\n<\/strong><\/p>\n<p><strong>2009.09.13.&nbsp;<em>Bijeljina<\/em>(Bosnien)-Special-CAC Championklasse:<\/strong><strong> Vorz\u00fcglich1, CAC,<\/strong> <strong>BOB<\/strong>,<\/p>\n<h3><strong>CHAMPION von BOSNIEN-HERZEGOWINA<\/strong><\/h3>\n<p><strong><a href=\"https:\/\/hun.amaruq-chimo.eu\/wp-content\/Buddha-bos.champ_.1.jpg\"><img loading=\"lazy\" decoding=\"async\" class=\"aligncenter size-thumbnail wp-image-966\" title=\"Buddha bos.champ.\" src=\"https:\/\/hun.amaruq-chimo.eu\/wp-content\/Buddha-bos.champ_.1-150x150.jpg\" alt=\"Buddha bos.champ.\" width=\"150\" height=\"150\"><\/a><br \/>\n<\/strong><\/p>\n<p><strong>2009.09.26.&nbsp;<em>Novi-Sad<\/em>(Serbien)-CACIB Championklasse:<\/strong><strong> Vorz\u00fcglich1, CAC,<\/strong><strong>CACIB, BOB<br \/>\n<\/strong><\/p>\n<p><strong>2009.10.18.&nbsp;<em>Backa Topola<\/em>(Serbien)-CACIB Championklasse<\/strong>:<strong> Vorz\u00fcglich1, CAC<\/strong>, <strong>CACIB, BOB<\/strong><\/p>\n<p><span style=\"color: #000000;\"><span style=\"font-size: 20px;\"><strong><br \/>\n<\/strong><\/span><\/span><\/p>\n<p>&nbsp;<\/p>\n","protected":false},"excerpt":{"rendered":"<p>Pedigree Ergebnisse Geburtsdatum: 2008.01.12. Gestorben:&nbsp; 2018.06.12.&nbsp; Gr\u00f6\u00dfe: 74 cm Gewicht: 62 kg Buddha &nbsp;(R\u00fcden) &nbsp; 2008.07.19. Szombathely-CACIB J\u00fcngstenklasse: Vielversprechend 2008.10.26. Domb\u00f3v\u00e1r-CAC Jugendklasse: Vorz\u00fcglich 1 2009.04.05. P\u00e1pa-CAC Jugendklasse: Vorz\u00fcglich 1, HPJ 2009.06.21. Sz\u00e9kesfeh\u00e9rv\u00e1r-CACIB Jugendklasse: Vorz\u00fcglich 1, HPJ 2009.07.18.&nbsp;Szombathely-CACIB&nbsp; Zwischenklasse: Vorz\u00fcglich 1, &nbsp;,CAC, CACIB, 2009.08.09. Esztergon-CAC &nbsp; Zwischenklasse: Vorz\u00fcglich 1, CAC 2009.08.23.&nbsp;Ada(Serbien)-CAC&nbsp; Zwischenklasse: Vorz\u00fcglich 1, CAC, BOB, [&hellip;]<\/p>\n","protected":false},"author":2,"featured_media":0,"parent":6,"menu_order":0,"comment_status":"open","ping_status":"open","template":"","meta":{"ngg_post_thumbnail":0,"footnotes":""},"class_list":["post-37","page","type-page","status-publish","hentry"],"_links":{"self":[{"href":"https:\/\/ger.amaruq-chimo.eu\/index.php?rest_route=\/wp\/v2\/pages\/37","targetHints":{"allow":["GET"]}}],"collection":[{"href":"https:\/\/ger.amaruq-chimo.eu\/index.php?rest_route=\/wp\/v2\/pages"}],"about":[{"href":"https:\/\/ger.amaruq-chimo.eu\/index.php?rest_route=\/wp\/v2\/types\/page"}],"author":[{"embeddable":true,"href":"https:\/\/ger.amaruq-chimo.eu\/index.php?rest_route=\/wp\/v2\/users\/2"}],"replies":[{"embeddable":true,"href":"https:\/\/ger.amaruq-chimo.eu\/index.php?rest_route=%2Fwp%2Fv2%2Fcomments&post=37"}],"version-history":[{"count":17,"href":"https:\/\/ger.amaruq-chimo.eu\/index.php?rest_route=\/wp\/v2\/pages\/37\/revisions"}],"predecessor-version":[{"id":3195,"href":"https:\/\/ger.amaruq-chimo.eu\/index.php?rest_route=\/wp\/v2\/pages\/37\/revisions\/3195"}],"up":[{"embeddable":true,"href":"https:\/\/ger.amaruq-chimo.eu\/index.php?rest_route=\/wp\/v2\/pages\/6"}],"wp:attachment":[{"href":"https:\/\/ger.amaruq-chimo.eu\/index.php?rest_route=%2Fwp%2Fv2%2Fmedia&parent=37"}],"curies":[{"name":"wp","href":"https:\/\/api.w.org\/{rel}","templated":true}]}}